-1212301
In base 8, what is 240123 - 0?
240123
In base 12, what is -13 - 2636?
-2649
In base 14, what is -721a8 + -5?
-721ad
In base 13, what is -236 + -b43?
-1079
In base 8, what is 4412 - -261?
4673
In base 12, what is 5 - -6708?
6711
In base 7, what is 1053002 - -1?
1053003
In base 9, what is -5 - -787?
782
In base 15, what is -e355 - 0?
-e355
In base 14, what is 244 - 21?
223
In base 11, what is a0 + 7?
a7
In base 13, what is -3138 - 4a?
-3185
In base 4, what is -13003323 + -11?
-13010000
In base 11, what is 96 + 883?
969
In base 9, what is -11720 - -15?
-11704
In base 10, what is -8424 - -50?
-8374
In base 14, what is -5 + -24232b?
-242332
In base 11, what is 0 + -63493?
-63493
In base 3, what is 101102212121 + 10?
101102212201
In base 3, what is -10201212012 - -2?
-10201212010
In base 16, what is 7b9 - -59?
812
In base 15, what is 2b + -dc2?
-d96
In base 3, what is 1220021 - 101101?
1111220
In base 5, what is 1222 + -320?
402
In base 3, what is -10121110 - -2?
-10121101
In base 3, what is 102 - -1100211?
1101020
In base 11, what is 7132221 + 5?
7132226
In base 4, what is 110222031 + -130?
110221301
In base 9, what is 12 + 307010?
307022
In base 14, what is b7 + 18a?
263
In base 13, what is -10b9 - 9c?
-1188
In base 9, what is -36 + 11030?
10883
In base 5, what is 100 + -22020?
-21420
In base 9, what is 1 + -36166?
-36165
In base 6, what is -111 - -224225?
224114
In base 2, what is 10011 - 10101100010?
-10101001111
In base 15, what is -72 - 82d?
-8a0
In base 15, what is a + 2db34?
2db3e
In base 5, what is -14304 + 34?
-14220
In base 3, what is 12200201 + -1001?
12122200
In base 13, what is -35c39 + 5?
-35c34
In base 12, what is 2 + -3289?
-3287
In base 10, what is -124 + -887?
-1011
In base 11, what is 1a334 + 165?
1a499
In base 9, what is -762276 - -1?
-762275
In base 5, what is -1143200 - -10?
-1143140
In base 10, what is 20293 + 12?
20305
In base 6, what is -5 - -235245?
235240
In base 4, what is 0 + 1303321?
1303321
In base 7, what is 3121 - -2001?
5122
In base 4, what is 1303300 + -20?
1303220
In base 9, what is -173 - 3564?
-3747
In base 7, what is -2464 + 2433?
-31
In base 14, what is -47980 - -14?
-4796a
In base 4, what is -21013 - 2103?
-23122
In base 3, what is -1 - 21000021?
-21000022
In base 4, what is -1232 - -233003?
231111
In base 15, what is -13391 + -48?
-133d9
In base 4, what is -111 + 103210?
103033
In base 15, what is -4 + -551?
-555
In base 11, what is -165273 - 3?
-165276
In base 10, what is -33710 + 30?
-33680
In base 4, what is 130010 + -22100?
101310
In base 8, what is 7 - 10251?
-10242
In base 2, what is 1000010111110100 - 11001110?
1000010100100110
In base 11, what is -3 - -15706a?
157067
In base 3, what is 2012011 + -1102101?
202210
In base 7, what is -20 + 26304?
26254
In base 14, what is b0 - -310?
3c0
In base 4, what is 0 + -33101112?
-33101112
In base 7, what is -5 - -116036?
116031
In base 15, what is 2725c - 2b?
27231
In base 13, what is 1 - -3169?
316a
In base 16, what is 1e12b - -2?
1e12d
In base 9, what is 116 - -1322?
1438
In base 5, what is 14 + -322232?
-322213
In base 7, what is 25 - 23261?
-23233
In base 7, what is -2163533 - 5?
-2163541
In base 6, what is -3344 - 130?
-3514
In base 4, what is -110112 + -102?
-110220
In base 15, what is -4 - eb6?
-eba
In base 16, what is 33d77 - 4?
33d73
In base 13, what is 139 + -449?
-310
In base 14, what is -100a0 + 3?
-1009b
In base 4, what is 12 + -20213122?
-20213110
In base 10, what is 428 + 183?
611
In base 14, what is 0 + -4258?
-4258
In base 7, what is 1205435 + 1?
1205436
In base 3, what is 1012112 + -12111?
1000001
In base 9, what is -2350 + -678?
-3138
In base 4, what is -20321 + -212?
-21133
In base 5, what is 1 - -31021?
31022
In base 16, what is 76 - -25?
9b
In base 15, what is 453bde - -2?
453be1
In base 3, what is -100011211002 - -110?
-100011210122
In base 3, what is -111110011 + 2202?
-111100102
In base 14, what is -d5 - -66?
-6d
In base 2, what is -100100100100 - 1100100?
-100110001000
In base 15, what is 1570 + 26?
1596
In base 16, what is -b613aa + 5?
-b613a5
In base 3, what is 1102 - -221022?
222201
In base 5, what is -20012 - -223?
-14234
In base 2, what is 1 - -1000010011100010?
1000010011100011
In base 7, what is -3 - -46366?
46363
In base 12, what is -5 - -50b77?
50b72
In base 12, what is 22a + -77?
173
In base 5, what is 1003 + -4414?
-3411
In base 6, what is 15331423 - -11?
15331434
In base 6, what is 1 - -154255?
154300
In base 8, what is -1207 + -31?
-1240
In base 16, what is -2 - 1c1d9?
-1c1db
In base 14, what is 259 + 17?
272
In base 7, what is -26 + 614136?
614110
In base 6, what is -1542 - 1425?
-3411
In base 14, what is -1bbb7 - 8?
-1bbc1
In base 14, what is -4455 + 7?
-444c
In base 11, what is -9601 + -3?
-9604
In base 9, what is -25 - -3010?
2874
In base 10, what is 83 - 11525?
-11442
In base 14, what is 5 - 56815?
-56810
In base 9, what is 20 + 20162?
20182
In base 2, what is -101 - 1010010001101100?
-1010010001110001
In base 14, what is -a69071 + 0?
-a69071
In base 3, what is 1222210 + 22?
2000002
In base 14, what is -1a + 2c89?
2c6d
In base 11, what is 292301 + 5?
292306
In base 11, what is -10411 + 151?
-10270
In base 12, what is -4669 - 4b?
-46b8
In base 5, what is -3021141 + -13?
-3021204
In base 16, what is 2e165a - -1?
2e165b
In base 8, what is -3613 - -771?
-2622
In base 12, what is 1 - -12933?
12934
In base 5, what is -1004 - 12032?
-13041
In base 15, what is -243a2 + -2?
-243a4
In base 10, what is -9891 - -208?
-9683
In base 5, what is -1202113 - 21?
-1202134
In base 4, what is -1021220 - -23?
-1021131
In base 9, what is 72 - 37?
34
In base 15, what is 1791 - 15?
177b
In base 16, what is 2 + 141?
143
In base 16, what is 4941 - 3?
493e
In base 11, what is -5209 - -289?
-4a30
In base 16, what is 2d60 - 3c?
2d24
In base 4, what is -1 - -112221323?
112221322
In base 3, what is -1002112211 + -22012?
-1002212000
In base 8, what is 3 + 463467?
463472
In base 13, what is -a - 21287?
-21294
In base 3, what is 202 - 11121102?
-11120200
In base 10, what is 530805 + -5?
530800
In base 6, what is 12 - -3134?
3150
In base 9, what is -2730 + 343?
-2376
In base 11, what is -20 + 2991?
2971
In base 6, what is 1351 + -135?
1212
In base 2, what is 1 + -101100110110111?
-101100110110110
In base 12, what is -578 - 527?
-aa3
In base 6, what is -1220 - 1124?
-2344
In base 5, what is 4 + 1403220?
1403224
In base 4, what is -2131 - -110303?
102112
In base 14, what is -530a - a?
-5316
In base 10, what is 5 + 8045?
8050
In base 7, what is -6 - 244651?
-244660
In base 6, what is -22521 + -2?
-22523
In base 5, what is 2034 + -4111?
-2022
In base 4, what is 30302312 - 3?
30302303
In base 4, what is -3 - 11311200?
-11311203
In base 16, what is -6a2c + -62?
-6a8e
In base 7, what is 53050 - -30?
53110
In base 3, what is -100101110022 + 11?
-100101110011
In base 7, what is 454202 - -16?
454221
In base 14, what is 5 - -1b281?
1b286
In base 7, what is 54342 + 21?
54363
In base 5, what is 24222143 - 42?
24222101
In base 7, what is -6 - -350662?
350653
In base 4, what is -213021113 - 0?
-213021113
In base 10, what is 505 + 48?
553
In base 9, what is -27470 + -2?
-27472
In base 8, what is -21 - -220475?
220454
In base 6, what is 10 - -1302555?
1303005
In base 14, what is -c1a + -10?
-c2a
In base 13, what is 657912 + -1?
657911
In base 9, what is -5103 + 108?
-4884
In base 11, what is 8aa81 - -2?
8aa83
In base 4, what is -103330010 + -10?
-103330020
In base 2, what is 1110001101100000 - -100?
1110001101100100
In base 16, what is 1 + 580?
581
In base 13, what is -4 + -7802?
-7806
In base 15, what is 5 - -1c19?
1c1e
In base 4, what is 112020 - -32?
112112
In base 6, what is 2155 + -21454?
-15255
In base 12, what is 5 - 869a4?
-8699b
In base 14, what is -a + -b74?
-b80
In base 6, what is -2523 - -2?
-2521
In base 8, what is 17072653 - 1?
17072652
In base 11, what is -53 + 971?
919
In base 7, what is -16101551 + 0?
-16101551
In base 11, what is -78 + 10a36?
10969
In base 9, what is 118 + -575?
-456
In base 3, what is 11 - -1202210212111?
1202210212122
In base 15, what is 232 + 367?
599
In base 5, what is 0 - 223231?
-223231
In base 11, what is 7498 + 5?
74a2
In base 11, what is 4 + 7a131?
7a135
In base 12, what is 994 - -1?
995
In base 10, what is 13 - 